*t**3 + y*t**5 - 1/20*t**6. Calculate c(-1).
7
Let m(f) = 4*f + 15. Let w(x) = 2*x + 7. Let u(n) = 6*m(n) - 13*w(n). Give u(-1).
1
Let x(p) = -39*p + 18. Let z(t) = -1443*t + 663. Let o(m) = -221*x(m) + 6*z(m). What is o(-1)?
39
Suppose 0 = 4*a + 3*c - 4, 2*a + 3*c - 4*c = 2. Let d(i) = -a + 12*i + 0*i + 1. Calculate d(-1).
-12
Let y(n) = 3 + 2557*n + n**2 + 0*n**2 - 2552*n + 0*n**2. Give y(-4).
-1
Suppose 4 - 14 = -5*c, -u + 3*c - 12 = 0. Let z be (-2*2 + 3)*-5. Let m(h) = 7 - 7*h**2 - 16*h**3 + 15*h**3 + 0 - z*h + 1. Give m(u).
2
Let r(s) = -s**3 - 2*s**2 + 2*s - 6. Let q be r(-3). Let h = -11 - -15. Let x(u) = -5*u**2 + 3 - 2*u + h*u + 3*u**2 - u**3. Give x(q).
6
Let s(v) = v + 7. Let q be s(-3). Let t(m) = 1 + 7*m + 19*m**2 + q*m**2 - 5*m. What is t(-1)?
22
Let q(m) be the second derivative of m**5/60 + 5*m**3/6 + 3*m**2/2 + 7*m. Let r(j) be the first derivative of q(j). Calculate r(0).
5
Let r be (1 + 2 + 1)*(-1 - -3). Suppose 21 = u - 0*u - 4*h, 4*u - 39 = h. Let j(q) = 3*q - q - q - u. Determine j(r).
-1
Let s(t) = -3*t**2 - t**3 - 7*t + 2*t + 2*t**3 + 6. Suppose 0 = y + 55 - 44. Let w be -5*y/(275/20). Give s(w).
2
Let m(v) = 27*v - 1 - 5*v - 13*v + 0 + 3*v. Suppose -4*i = i - 5. Calculate m(i).
11
Let b(k) = k**2 - 7*k - 8. Let d be b(7). Let o = d + 5. Let g(j) be the second derivative of -j**5/20 - 5*j**4/12 - 5*j**3/6 - j**2 + j + 46. Determine g(o).
-5
Let s be (1 - (-1)/4)/(4/16). Let u(z) = z. What is u(s)?
5
Let s be (-1)/3 + 23/(-3). Let r(n) be the first derivative of -6*n - 34 - 1/2*n**2. Give r(s).
2
Suppose -27 = -5*u + 3*x - 4*x, 16 = 4*u - 2*x. Let k(n) = -n**2 + 5*n + 6. Calculate k(u).
6
Let j(k) = -1 + 78*k**2 + k - 226*k**2 + k**3 + 83*k**2 + 71*k**2. Calculate j(-3).
23
Let m(y) = -2*y**2 - 2. Suppose 5*w + 5*s - 10 = 0, -2*w - 3*s + 6*s = -19. Suppose 0*n = w*l - 5*n + 30, -3*l = n + 2. What is m(l)?
-10
Let c(h) = -2*h + 6. Let n(o) be the second derivative of -o**4/6 + 9*o**3/2 + 19*o**2/2 + o - 8. Let y be n(14). Determine c(y).
-4
Let s(n) be the first derivative of -n**4/4 - 2*n**3/3 - 2*n**2 - 3*n + 1. Let x be -2*(-2)/12*3. Suppose 5*b = b + 5*d - 13, b + d + x = 0. What is s(b)?
5
Let o(x) = 1 - 11*x - 8*x**2 - 3*x**2 - 5 + 2*x**2 + 8*x**2. Calculate o(-12).
-16
Let b(h) = -4*h + 10. Let n(v) = -57*v + 11. Let c be n(-1). Suppose 9*l + 8*l - c = 0. Give b(l).
-6
Let f(r) = r**3 + 2*r**2 + 3. Let w be (-5 + 3)*3/2. Determine f(w).
-6
Let p(d) = -d**3 - 2*d**2 - 2*d - 1. Suppose 0 = -7*m + 6*m + 2. Suppose 4*u - 3*j = -23, -m*u + 3*j - 7 = -6*u. Give p(u).
3
Let t = -26 + 23. Let r be t + -9*(-3 - -2). Let k(l) = 6 + 4*l - r*l**2 - 5*l**2 + 8*l**2 - l**3. Calculate k(-4).
6
Let y(a) = a - 10. Suppose -783*b + 775*b = -56. Calculate y(b).
-3
Let s(t) = -4*t - 26*t**2 + 6 - 21*t**2 - 5*t - 24*t**2 + 72*t**2. Let q = 20 + -13. Give s(q).
-8
Let o(n) = 17*n + 35. Let i(f) = 48*f + 103. Let k(l) = -6*i(l) + 17*o(l). Calculate k(11).
-12
Let n(t) be the first derivative of -t**3/3 + 7*t**2/2 + 10*t - 45. What is n(8)?
2
Suppose l + 3*x = -5, x + 18 + 14 = 4*l. Let g(w) = -w**2 + 6*w + 1. Determine g(l).
-6
Suppose 10 = -5*f + 15. Suppose 11*i - 10*i = f. Let b(t) = t**2 + 2*t - 1. Calculate b(i).
2
Let u(a) be the second derivative of -a**4/12 - 11*a**3/6 + 3*a**2 - 18*a. Calculate u(-11).
6
Let c(t) = -t + 25. Let a be c(11). Let z be -1 + 0 - (-308)/a. Let s = 27 - z. Let x(j) = 4*j - 9. What is x(s)?
15
Let q(r) = 18745*r**3 - 18746*r**3 - 3*r - 2*r**2 + 4*r**2 + 2 - 3*r**2 - 4*r**2. Determine q(-4).
-2
Let q be ((-80)/(-8))/50*10. Let z(p) = -p**3 + 2*p**2 - 2*p - 3. Give z(q).
-7
Let p(w) = -w**3 - w**2. Let v(q) = -5*q**3 - 5*q**2 + 8. Let t(n) = 4*p(n) - v(n). Suppose -4*d - d = -25. Suppose -d*b = -b. Determine t(b).
-8
Let b(m) = m**3 + 12*m**2 + 2 - 9*m**2 + 4*m + 2*m**2 - m**2 - m**2. What is b(-3)?
-10
Let m(x) = x**2 - 9*x - 3. Let t be m(9). Let i be (3/(-2))/(t/6). Let r(s) = -s + 7*s**3 - 4 - 2*s**2 + 4 + i*s**3. Determine r(-1).
-11
Let o(c) = -c**3 - 5*c**2 - 5*c - 5. Let u be o(-5). Suppose -u - 12 = -4*p. Let a(t) = -t**2 + 10*t - 3. Give a(p).
13
Let j(d) be the second derivative of d**3 - 18*d**2 + 4*d. Determine j(6).
0
Suppose 0 = -3*x + 9, 0 = 3*p - 5*x + 141 + 48. Let f = 61 + p. Let s(c) = -c**2 + 8*c - 4. Calculate s(f).
11
Let v(w) = -w**2 - 7*w - 8. Let c be v(-8). Let s = -13 - c. Let p(j) = j**3 - 3*j**2 - j. What is p(s)?
-3
Let k(z) = z + 2. Let f = 40 + -59. Let v = 25 + f. Calculate k(v).
8
Let o(n) = 10*n**3 + 2*n**2 - n. Let r be o(1). Let i(x) = 5*x - 10 + r + x**3 + 6*x - 4*x + 6*x**2. Determine i(-5).
-9
Let j(w) = 6*w**3 - w**2 - w - 1. Let c(v) = v**2 - 7*v - 2. Let o be c(8). Let u be 1*2*(-3)/o. Let k be (-1 + 0)*(-1)/u. Calculate j(k).
-7
Let c(v) = 2*v**3 - 6*v**2 - 7*v. Let x(g) = 11*g - 238. Let y be x(22). Determine c(y).
4
Let x(k) be the second derivative of -k**5/20 + 2*k**3/3 - k**2/2 - 253*k. Determine x(3).
-16
Let d(b) = -b**3 - 3*b**2 + 3*b - 2. Suppose -7 = -5*u + 13. Suppose -3*c = -2*l + u, 0 = 5*l + 2*c + 3 + 25. Calculate d(l).
2
Let h(f) = -f**3 - 7*f**2 + 3*f - 10. Let t = 2701 + -2708. Calculate h(t).
-31
Let r(c) = -c - 1. Let m be -6*12/(-9) - (-6 + 3). Let o be (0 - (m + -3))/1. Determine r(o).
7
Let x = 27 + -24. Let c(t) = -x*t + 4 + 13 - 11. What is c(4)?
-6
Suppose -3*j = -3*i - 2*j + 19, 3*j - 6 = 0. Let a(b) = b**2 - 9*b + 6. What is a(i)?
-8
Suppose 4*g + 1 = 21. Suppose 3*v = 7*v - 560. Let h(n) = 3 - 5 + 139*n**2 - v*n**2 + 2*n + 4*n. Determine h(g).
3
Let k(b) = 2*b**2 + 2*b. Let r(t) = -t**2 + 7. Suppose -4*y = -a + 13, -2 = -2*a + 2*y - 0. Let f be r(a). What is k(f)?
4
Let f = 17 + 18. Suppose -5*z - f = -4*j - 2*z, 2*j - 18 = 2*z. Let w(y) = -4*y + 11. What is w(j)?
-21
Let l(j) be the second derivative of 27*j + 1/6*j**3 + 0 - 1/2*j**2 + 1/12*j**4. Give l(-2).
1
Let m = 2449/24 - 102. Let s(i) be the third derivative of 0*i + 1/60*i**5 + 0*i**3 - 5*i**2 - m*i**4 + 0. Give s(-3).
12
Let d = 23 + -23. Suppose 7*c - 2*c + 20 = d. Let b(g) be the second derivative of -g**3/2 - 3*g**2 - 2*g. Give b(c).
6
Let c(i) = -10*i - 1. Let h be c(-1). Suppose -2*o + h = o. Let s(g) = -2 - 6*g**3 - g + 5*g**o + 1. Determine s(-1).
1
Let b(k) = -k - 5. Suppose -4*m + 4 = 3*p - p, 0 = -5*m + 2*p + 23. Suppose m*h = j - 5*j, -5*j = 0. Let v = -5 + h. Determine b(v).
0
Suppose 5*t = 5*p + 15, -t + 4*p + 4 = t. Suppose -t + 2 = 2*y. Let c(r) = -7*r**3 + 2*r**2 - 1. Determine c(y).
8
Let i(m) = -8*m - 1. Let f be (-12)/(924/175) - 3/(-11). Determine i(f).
15
Let p(o) = -o**3 + 12*o**2 + 14*o - 22. Let q be 2*(20/8 + 4). Let m be p(q). Let c(z) = -z**3 - 8*z**2 + 10*z + 6. Give c(m).
-3
Let n(f) = 40*f - 18*f - 20*f + 46. Let w be n(-20). Let y(p) = p**2 - 9*p + 8. What is y(w)?
-10
Suppose 2 = 4*o - 10. Let g(q) = 11 - 11 - 5*q**o + 2*q + 4 + 6*q**3 + 3*q**2. Let t(k) = -k**2 - 4*k + 2. Let l be t(-5). Give g(l).
-2
Let s(m) be the second derivative of -m**3/3 + 13*m**2 + 3*m. Let a be s(12). Let j(v) = -v + 1. Give j(a).
-1
Suppose 12 = 46*n - 58*n. Let m(p) = -18*p**2 - 2*p - 1. Determine m(n).
-17
Let z(h) = 4*h**2 + 13*h - 6. Let t(a) = -a**2 - a + 1. Let o(g) = 5*t(g) + z(g). Calculate o(7).
6
Suppose 223*i - 224*i = -3. Let y(w) = w - 3 + 0 + 3*w. What is y(i)?
9
Suppose 0 = -5*k - 91 + 281. Let v be 3 + k*2/(-4). Let y be 6/(-1)*(-8)/v. Let n(i) = -2*i**2 - 4*i - 3. Determine n(y).
-9
Let z = 8 + -6. Let r = -228 + 394. Let n(f) = 2*f**2 - 6*f - 163 + r + 3*f. Give n(z).
5
Suppose -3*h - 10 + 28 = 0. Let o(v) = 3 + h*v + 3 + 3 - v. Let l(r) = 2*r + 5. Let i(y) = -7*l(y) + 3*o(y). Calculate i(0).
-8
Let x = 5 - -4. Let f be (-20)/(-15) - 3/x. Let a(g) = -g**2 - 73*g - f + 16*g**3 + 0 + 71*g. Give a(-1).
-16
Let z(c) = 7*c**2 + 13*c - 2. Let s(q) = 2*q**2 + q - 2. Let m(a) = 4*s(a) - z(a). Determine m(10).
4
Let p(w) be the third derivative of -w**4/24 - 84*w**2. What is p(-3)?
3
Let s(t) = 3*t**3 - 6*t**2 - 3*t + 7. Let d(h) = -8*h**3 + 14*h**2 + 7*h - 15. Let i(x) = 2*d(x) + 5*s(x). What is i(-4)?
41
Let x(z) = -z**3 - 7*z**2 - 6*z + 1. Let f(h) = 2*h - 10. Let s(y) = -4*y - 4. Let k be s(-3). Let o be f(k). Suppose -g + o*g = -30. Give x(g).
1
Let f(j) = -j - 7. Let i(z) = -3*z - 20. Let s(m) = 8*f(m) - 3*i(m). Let g be 3/5 - 28/5. Let h = g